{"version":"1.0","provider_name":"TAMPEREEN FILHARMONINEN KUORO","provider_url":"https:\/\/tfk.fi\/wp1","author_name":"by admin","author_url":"https:\/\/tfk.fi\/wp1\/author\/admin\/","title":"Joulu-ilta -konsertti siirtyy vuodella - TAMPEREEN FILHARMONINEN KUORO","type":"rich","width":600,"height":338,"html":"<blockquote class=\"wp-embedded-content\" data-secret=\"SoBAFLjwF9\"><a href=\"https:\/\/tfk.fi\/wp1\/joulu-ilta-ylojarvella-ke-15-12\/\">Joulu-ilta -konsertti siirtyy vuodella<\/a><\/blockquote><iframe sandbox=\"allow-scripts\" security=\"restricted\" src=\"https:\/\/tfk.fi\/wp1\/joulu-ilta-ylojarvella-ke-15-12\/embed\/#?secret=SoBAFLjwF9\" width=\"600\" height=\"338\" title=\"&#8221;Joulu-ilta -konsertti siirtyy vuodella&#8221; &#8212; TAMPEREEN FILHARMONINEN KUORO\" data-secret=\"SoBAFLjwF9\" frameborder=\"0\" marginwidth=\"0\" marginheight=\"0\" scrolling=\"no\" class=\"wp-embedded-content\"><\/iframe><script type=\"text\/javascript\">\n\/* <![CDATA[ *\/\n\/*! This file is auto-generated *\/\n!function(d,l){\"use strict\";l.querySelector&&d.addEventListener&&\"undefined\"!=typeof URL&&(d.wp=d.wp||{},d.wp.receiveEmbedMessage||(d.wp.receiveEmbedMessage=function(e){var t=e.data;if((t||t.secret||t.message||t.value)&&!\/[^a-zA-Z0-9]\/.test(t.secret)){for(var s,r,n,a=l.querySelectorAll('iframe[data-secret=\"'+t.secret+'\"]'),o=l.querySelectorAll('blockquote[data-secret=\"'+t.secret+'\"]'),c=new RegExp(\"^https?:$\",\"i\"),i=0;i<o.length;i++)o[i].style.display=\"none\";for(i=0;i<a.length;i++)s=a[i],e.source===s.contentWindow&&(s.removeAttribute(\"style\"),\"height\"===t.message?(1e3<(r=parseInt(t.value,10))?r=1e3:~~r<200&&(r=200),s.height=r):\"link\"===t.message&&(r=new URL(s.getAttribute(\"src\")),n=new URL(t.value),c.test(n.protocol))&&n.host===r.host&&l.activeElement===s&&(d.top.location.href=t.value))}},d.addEventListener(\"message\",d.wp.receiveEmbedMessage,!1),l.addEventListener(\"DOMContentLoaded\",function(){for(var e,t,s=l.querySelectorAll(\"iframe.wp-embedded-content\"),r=0;r<s.length;r++)(t=(e=s[r]).getAttribute(\"data-secret\"))||(t=Math.random().toString(36).substring(2,12),e.src+=\"#?secret=\"+t,e.setAttribute(\"data-secret\",t)),e.contentWindow.postMessage({message:\"ready\",secret:t},\"*\")},!1)))}(window,document);\n\/\/# sourceURL=https:\/\/tfk.fi\/wp1\/wp-includes\/js\/wp-embed.min.js\n\/* ]]> *\/\n<\/script>\n","description":"Tampereen Filharmonisen Kuoron Joulu-ilta -konsertti siirtyy jouluksi 2022 heikentyneen koronatilanteen vuoksi. Hienoa esityst\u00e4 ehdit\u00e4\u00e4n harjoitella siis kokonainen vuosi. Silloin p\u00e4\u00e4sev\u00e4t esiin sek\u00e4 perinteiset ett\u00e4 uudet joululaulut, perinteisi\u00e4 my\u00f6s uusina sovituksina. Konsertin johtavat kuoron taiteellinen johtaja Ruut Kiiski ja kuoromestari Jouni Rissanen. Perinteisist\u00e4 teoksista mainittakoon Benjamin Brittenin A Ceremony of Carols. Teoksen s\u00e4est\u00e4\u00e4 harpisti Hanna Kentt\u00e4mies, ...jatka lukemista \"\"","thumbnail_url":"https:\/\/tfk.fi\/wp1\/wp-content\/uploads\/2021\/11\/TFK_joulu_2022_banner_820x312-1024x390.jpg"}

Tampereen Filharmonisen Kuoron Joulu-ilta -konsertti siirtyy jouluksi 2022 heikentyneen koronatilanteen vuoksi. Hienoa esitystä ehditään harjoitella siis kokonainen vuosi. Silloin pääsevät esiin sekä perinteiset että uudet joululaulut, perinteisiä myös uusina sovituksina. Konsertin johtavat kuoron taiteellinen johtaja Ruut Kiiski ja kuoromestari Jouni Rissanen. Perinteisistä teoksista mainittakoon Benjamin Brittenin A Ceremony of Carols. Teoksen säestää harpisti Hanna Kenttämies, ...jatka lukemista ""
