{"version":"1.0","provider_name":"TAMPEREEN FILHARMONINEN KUORO","provider_url":"https:\/\/tfk.fi\/wp1","author_name":"by admin","author_url":"https:\/\/tfk.fi\/wp1\/author\/admin\/","title":"Koronavilkku p\u00e4\u00e4ll\u00e4 syksyn laulukauteen - TAMPEREEN FILHARMONINEN KUORO","type":"rich","width":600,"height":338,"html":"<blockquote class=\"wp-embedded-content\" data-secret=\"dMRDCzjLtP\"><a href=\"https:\/\/tfk.fi\/wp1\/koronavilkku-paalla-syksyn-laulukauteen\/\">Koronavilkku p\u00e4\u00e4ll\u00e4 syksyn laulukauteen<\/a><\/blockquote><iframe sandbox=\"allow-scripts\" security=\"restricted\" src=\"https:\/\/tfk.fi\/wp1\/koronavilkku-paalla-syksyn-laulukauteen\/embed\/#?secret=dMRDCzjLtP\" width=\"600\" height=\"338\" title=\"&#8221;Koronavilkku p\u00e4\u00e4ll\u00e4 syksyn laulukauteen&#8221; &#8212; TAMPEREEN FILHARMONINEN KUORO\" data-secret=\"dMRDCzjLtP\" frameborder=\"0\" marginwidth=\"0\" marginheight=\"0\" scrolling=\"no\" class=\"wp-embedded-content\"><\/iframe><script type=\"text\/javascript\">\n\/* <![CDATA[ *\/\n\/*! This file is auto-generated *\/\n!function(d,l){\"use strict\";l.querySelector&&d.addEventListener&&\"undefined\"!=typeof URL&&(d.wp=d.wp||{},d.wp.receiveEmbedMessage||(d.wp.receiveEmbedMessage=function(e){var t=e.data;if((t||t.secret||t.message||t.value)&&!\/[^a-zA-Z0-9]\/.test(t.secret)){for(var s,r,n,a=l.querySelectorAll('iframe[data-secret=\"'+t.secret+'\"]'),o=l.querySelectorAll('blockquote[data-secret=\"'+t.secret+'\"]'),c=new RegExp(\"^https?:$\",\"i\"),i=0;i<o.length;i++)o[i].style.display=\"none\";for(i=0;i<a.length;i++)s=a[i],e.source===s.contentWindow&&(s.removeAttribute(\"style\"),\"height\"===t.message?(1e3<(r=parseInt(t.value,10))?r=1e3:~~r<200&&(r=200),s.height=r):\"link\"===t.message&&(r=new URL(s.getAttribute(\"src\")),n=new URL(t.value),c.test(n.protocol))&&n.host===r.host&&l.activeElement===s&&(d.top.location.href=t.value))}},d.addEventListener(\"message\",d.wp.receiveEmbedMessage,!1),l.addEventListener(\"DOMContentLoaded\",function(){for(var e,t,s=l.querySelectorAll(\"iframe.wp-embedded-content\"),r=0;r<s.length;r++)(t=(e=s[r]).getAttribute(\"data-secret\"))||(t=Math.random().toString(36).substring(2,12),e.src+=\"#?secret=\"+t,e.setAttribute(\"data-secret\",t)),e.contentWindow.postMessage({message:\"ready\",secret:t},\"*\")},!1)))}(window,document);\n\/\/# sourceURL=https:\/\/tfk.fi\/wp1\/wp-includes\/js\/wp-embed.min.js\n\/* ]]> *\/\n<\/script>\n","description":"Tampereen Filharmoninen Kuoro aloitti syksyn koronavilkku p\u00e4\u00e4ll\u00e4. Varotoimet hiljaisen kev\u00e4\u00e4n ja kes\u00e4n j\u00e4lkeen ovat tiukat, mutta \u00e4idillisen lempe\u00e4t. Osa riskirythmiin kuuluvia laulajia on ilmoittanut joka tapauksessa j\u00e4\u00e4v\u00e4ns\u00e4 kotiin, kunnes tartuntariski\u00e4 ei en\u00e4\u00e4 ole. Loput kuorosta on jaettu pienempiin harjoitusryhmiin, jotta harjoitustiloissa voidaan noudattaa turvasuosituksia. Harjoitusten seuraamiseen on j\u00e4rjestetty mahdollisuus et\u00e4yhteyden kautta. Lue lis\u00e4\u00e4 >> Syyskaudella ...jatka lukemista \"\"","thumbnail_url":"https:\/\/tfk.fi\/wp1\/wp-content\/uploads\/2020\/09\/image.jpeg"}

Koronavilkku päällä syksyn laulukauteen - TAMPEREEN FILHARMONINEN KUORO

<blockquote class="wp-embedded-content" data-secret="dMRDCzjLtP"><a href="https://tfk.fi/wp1/koronavilkku-paalla-syksyn-laulukauteen/">Koronavilkku päällä syksyn laulukauteen</a></blockquote><iframe sandbox="allow-scripts" security="restricted" src="https://tfk.fi/wp1/koronavilkku-paalla-syksyn-laulukauteen/embed/#?secret=dMRDCzjLtP" width="600" height="338" title="&#8221;Koronavilkku päällä syksyn laulukauteen&#8221; &#8212; TAMPEREEN FILHARMONINEN KUORO" data-secret="dMRDCzjLtP" frameborder="0" marginwidth="0" marginheight="0" scrolling="no" class="wp-embedded-content"></iframe><script type="text/javascript">
/* <![CDATA[ */
/*! This file is auto-generated */
!function(d,l){"use strict";l.querySelector&&d.addEventListener&&"undefined"!=typeof URL&&(d.wp=d.wp||{},d.wp.receiveEmbedMessage||(d.wp.receiveEmbedMessage=function(e){var t=e.data;if((t||t.secret||t.message||t.value)&&!/[^a-zA-Z0-9]/.test(t.secret)){for(var s,r,n,a=l.querySelectorAll('iframe[data-secret="'+t.secret+'"]'),o=l.querySelectorAll('blockquote[data-secret="'+t.secret+'"]'),c=new RegExp("^https?:$","i"),i=0;i<o.length;i++)o[i].style.display="none";for(i=0;i<a.length;i++)s=a[i],e.source===s.contentWindow&&(s.removeAttribute("style"),"height"===t.message?(1e3<(r=parseInt(t.value,10))?r=1e3:~~r<200&&(r=200),s.height=r):"link"===t.message&&(r=new URL(s.getAttribute("src")),n=new URL(t.value),c.test(n.protocol))&&n.host===r.host&&l.activeElement===s&&(d.top.location.href=t.value))}},d.addEventListener("message",d.wp.receiveEmbedMessage,!1),l.addEventListener("DOMContentLoaded",function(){for(var e,t,s=l.querySelectorAll("iframe.wp-embedded-content"),r=0;r<s.length;r++)(t=(e=s[r]).getAttribute("data-secret"))||(t=Math.random().toString(36).substring(2,12),e.src+="#?secret="+t,e.setAttribute("data-secret",t)),e.contentWindow.postMessage({message:"ready",secret:t},"*")},!1)))}(window,document);
//# sourceURL=https://tfk.fi/wp1/wp-includes/js/wp-embed.min.js
/* ]]> */
</script>

Tampereen Filharmoninen Kuoro aloitti syksyn koronavilkku päällä. Varotoimet hiljaisen kevään ja kesän jälkeen ovat tiukat, mutta äidillisen lempeät. Osa riskirythmiin kuuluvia laulajia on ilmoittanut joka tapauksessa jäävänsä kotiin, kunnes tartuntariskiä ei enää ole. Loput kuorosta on jaettu pienempiin harjoitusryhmiin, jotta harjoitustiloissa voidaan noudattaa turvasuosituksia. Harjoitusten seuraamiseen on järjestetty mahdollisuus etäyhteyden kautta. Lue lisää >> Syyskaudella ...jatka lukemista ""
