{"version":"1.0","provider_name":"TAMPEREEN FILHARMONINEN KUORO","provider_url":"https:\/\/tfk.fi\/wp1","author_name":"mattisalmenkangas","author_url":"https:\/\/tfk.fi\/wp1\/author\/mattisalmenkangas\/","title":"Verdin Requiem valmiina lavalle - TAMPEREEN FILHARMONINEN KUORO","type":"rich","width":600,"height":338,"html":"<blockquote class=\"wp-embedded-content\" data-secret=\"WDwuGlrskg\"><a href=\"https:\/\/tfk.fi\/wp1\/verdin-requiem-valmiina-lavalle\/\">Verdin Requiem valmiina lavalle<\/a><\/blockquote><iframe sandbox=\"allow-scripts\" security=\"restricted\" src=\"https:\/\/tfk.fi\/wp1\/verdin-requiem-valmiina-lavalle\/embed\/#?secret=WDwuGlrskg\" width=\"600\" height=\"338\" title=\"&#8221;Verdin Requiem valmiina lavalle&#8221; &#8212; TAMPEREEN FILHARMONINEN KUORO\" data-secret=\"WDwuGlrskg\" frameborder=\"0\" marginwidth=\"0\" marginheight=\"0\" scrolling=\"no\" class=\"wp-embedded-content\"><\/iframe><script type=\"text\/javascript\">\n\/* <![CDATA[ *\/\n\/*! This file is auto-generated *\/\n!function(d,l){\"use strict\";l.querySelector&&d.addEventListener&&\"undefined\"!=typeof URL&&(d.wp=d.wp||{},d.wp.receiveEmbedMessage||(d.wp.receiveEmbedMessage=function(e){var t=e.data;if((t||t.secret||t.message||t.value)&&!\/[^a-zA-Z0-9]\/.test(t.secret)){for(var s,r,n,a=l.querySelectorAll('iframe[data-secret=\"'+t.secret+'\"]'),o=l.querySelectorAll('blockquote[data-secret=\"'+t.secret+'\"]'),c=new RegExp(\"^https?:$\",\"i\"),i=0;i<o.length;i++)o[i].style.display=\"none\";for(i=0;i<a.length;i++)s=a[i],e.source===s.contentWindow&&(s.removeAttribute(\"style\"),\"height\"===t.message?(1e3<(r=parseInt(t.value,10))?r=1e3:~~r<200&&(r=200),s.height=r):\"link\"===t.message&&(r=new URL(s.getAttribute(\"src\")),n=new URL(t.value),c.test(n.protocol))&&n.host===r.host&&l.activeElement===s&&(d.top.location.href=t.value))}},d.addEventListener(\"message\",d.wp.receiveEmbedMessage,!1),l.addEventListener(\"DOMContentLoaded\",function(){for(var e,t,s=l.querySelectorAll(\"iframe.wp-embedded-content\"),r=0;r<s.length;r++)(t=(e=s[r]).getAttribute(\"data-secret\"))||(t=Math.random().toString(36).substring(2,12),e.src+=\"#?secret=\"+t,e.setAttribute(\"data-secret\",t)),e.contentWindow.postMessage({message:\"ready\",secret:t},\"*\")},!1)))}(window,document);\n\/\/# sourceURL=https:\/\/tfk.fi\/wp1\/wp-includes\/js\/wp-embed.min.js\n\/* ]]> *\/\n<\/script>\n","description":"Verdin parhaimmaksi oopperaksi kutsuttu Requiem toteutuu 8. ja 9. lokakuuta yhteisty\u00f6n\u00e4 Tampere Filharmonian, Tampereen Filharmonisen Kuoron, Tampereen Oopperan kuoron ja nelj\u00e4n solistin voimin. Teoksen johtaa ylikapellimestari Santtu-Matias Rouvali ja solisteina vierailevat sopraano Marjukka Tepponen, altto Maiju Vaahtoluoto, tenori Andrea Shin ja basso Giorgi Kirof. Tampereen Filharmoninen kuoro ja Tampereen Oopperan kuoro viimeisteliv\u00e4t teoksen yksityiskohtia keskiviikkona ...jatka lukemista \"\"","thumbnail_url":"https:\/\/tfk.fi\/wp1\/wp-content\/uploads\/2021\/09\/Verdi_harkat_22092021-1024x653.jpg"}

Verdin parhaimmaksi oopperaksi kutsuttu Requiem toteutuu 8. ja 9. lokakuuta yhteistyönä Tampere Filharmonian, Tampereen Filharmonisen Kuoron, Tampereen Oopperan kuoron ja neljän solistin voimin. Teoksen johtaa ylikapellimestari Santtu-Matias Rouvali ja solisteina vierailevat sopraano Marjukka Tepponen, altto Maiju Vaahtoluoto, tenori Andrea Shin ja basso Giorgi Kirof. Tampereen Filharmoninen kuoro ja Tampereen Oopperan kuoro viimeistelivät teoksen yksityiskohtia keskiviikkona ...jatka lukemista ""
