{"id":124,"date":"2018-08-09T23:19:47","date_gmt":"2018-08-09T20:19:47","guid":{"rendered":"http:\/\/178.63.53.181\/~tfkfi\/wp1\/?page_id=124"},"modified":"2024-05-21T21:16:49","modified_gmt":"2024-05-21T18:16:49","slug":"konsertit-1990-1995","status":"publish","type":"page","link":"https:\/\/tfk.fi\/wp1\/konsertit-1990-1995\/","title":{"rendered":"Konsertit 1990 &#8211; 1995"},"content":{"rendered":"<h4>1995<\/h4>\n<p><strong>14.4.Tampere<\/strong>, Tampereen Tuomiokirkko<br \/>\n<em>Johann Sebastian Bach: Matteus-passio, BWV 244<\/em><br \/>\nTampereen kaupunginorkesteri<br \/>\nJoht.: Roy Goodman<br \/>\nSol.: Anu Komsi (s), Lilli Paasikivi (a), Rufus M\u00fcller (evankelista), Antti Suhonen (Jeesus), William Kendall (t), Jaakko Kortekangas (b) (muissa osissa: Saija Makkonen (s), Kristiina Rasila (s), Tarja Reijonen (s), Margareta Ekman (a), Erkki Korpiaho (t), Arto Nieminen (t), Rauno Saurio (b), Martti Ylip\u00e4\u00e4 (b))<br \/>\nBach-viikko 9. -17.4.1995 Tampereella<\/p>\n<p><strong>7.6. Tampere<\/strong>, Tampere-talo<br \/>\nTampereen S\u00e4velen avajaiskonsertti<br \/>\nHarjun Nuorten Kuoro, Vox Academica, Tampereen Filharmoninen kuoro<br \/>\nJoht.: Heikki Liimola, Paavo Kiiski, Matti Hy\u00f6kki, Johanna Almark<br \/>\nF. A. Ehrstr\u00f6m, sov. M. Turunen: L\u00e4hde (SATB)<br \/>\nF. A. Ehrstr\u00f6m, sov. K. J. Moring: L\u00e4hde (TTBB)<br \/>\nAhti Sonninen (sov.): Kes\u00e4ilta (SATB)<br \/>\nSelim Palmgren (sov.): Kes\u00e4ilta (TTBB)<br \/>\nNegro spiritual: Swing low, sweet chariot<br \/>\nMatti Hy\u00f6kki (sov.): On suuri sun rantas autius<br \/>\nGiuseppe Verdi: Heprealaisten orjien kuoro oopperasta Nabucco<br \/>\nG. F. H\u00e4ndel: Halleluja-kuoro Messias-oratoriosta<br \/>\nJ. S. Bach: Bourree<br \/>\nAlf Almark: Affes brudmarsch<\/p>\n<p><strong>17.6. Joensuu<\/strong>, Joensuun laulujuhlat, Laulurinne<br \/>\n<em>Gustav Mahler: Sinfonia nro 2, c-molli, Yl\u00f6snousemus<\/em><br \/>\nTampereen Filharmoninen Kuoro, Joensuun festivaalikuoro<br \/>\nRadion sinfoniaorkesteri<br \/>\nJoht.: Gilbert Kaplan<br \/>\nSol.: Pia Freund (s), Monica Groop (mz)<br \/>\nKonsertti radioitiin, Yle 1<\/p>\n<p><strong>22.9. Tampere<\/strong>, Tampere-talo<br \/>\n<em>Johannes Brahms: Schicksalslied, op. 54<\/em><br \/>\n<em>Johannes Brahms: Gesang der Parzen, op. 89<br \/>\n<\/em><span style=\"font-size: 1rem;\">Tampereen kaupunginorkesteri<br \/>\n<\/span><span style=\"font-size: 1rem;\">Joht.: Tuomas Ollila<\/span><span style=\"font-size: 1rem;\"><br \/>\n<\/span><\/p>\n<p><strong>26.10. Tampere<\/strong>, Tuomiokirkko<br \/>\n<em>Georg Friedrich H\u00e4ndel: Belshazzar-oratorio<\/em><br \/>\nViron Festivaaliorkesteri<br \/>\nJoht.: Heikki Liimola<br \/>\nSol.: Liina Saari (s), Eeva-Liisa Saarinen (mz), Anssi Hirvonen (t), Mikael Bellini (kt), Esa Ruuttunen (b) (Ariok: Erkki Korpiaho (t), L\u00e4hetti: Rauno Saurio (b))<br \/>\nTampereen Filharmonisen Kuoron 5-vuotisjuhlakonsertti konserttisarjassa Barokin py\u00f6rteit\u00e4 - juhlan huumaa 24. - 29.10.1995<\/p>\n<p><strong>4.11. Tampere<\/strong>, Aleksanterin kirkko<br \/>\nPyh\u00e4inp\u00e4iv\u00e4n jumalanpalvelus<br \/>\nJoht.: Heikki Liimola<\/p>\n<p><strong>6.12. Tampere<\/strong>, Keskustori<br \/>\nItsen\u00e4isyysp\u00e4iv\u00e4n juhlavastaanotto<br \/>\nJoht.: Heikki Liimola<br \/>\nTaneli Kuusisto: Suomalainen rukous<br \/>\nJean Sibelius: Finlandia-hymni<\/p>\n<p><strong>15.12. Tampere<\/strong>, Tampere-talo<br \/>\n<em>Michael Tippett: A child of our time<\/em><br \/>\nTampereen kaupunginorkesteri<br \/>\nJoht.: Juhani Lamminm\u00e4ki<br \/>\nSol.: Pia Freund (s), Eeva-Liisa Saarinen (a), Neil Mackie (t), Michael George (b)<\/p>\n<h4>1994<\/h4>\n<p><strong>9.2. Orivesi<\/strong>, Oriveden kirkko<br \/>\n<strong>10.2. Valkeakoski<\/strong>, Valkeakosken kirkko<br \/>\nJoht.: Heikki Liimola<br \/>\n<em>Anton Bruckner:<\/em><br \/>\n<em>Christus factus est<\/em><br \/>\n<em>Locus iste<\/em><br \/>\n<em>Os justi<\/em><br \/>\n<em>Randall Thompson: Alleluia<\/em><br \/>\n<em>Heikki Liimola: Psalmi 34<\/em><br \/>\n<em>(sol.: Matti Hannula, baritoni; Anne Nietosvaara, urut)<\/em><br \/>\n<em>Felix Mendelssohn Bartholdy:<\/em><br \/>\n<em>Trauergesang, op. 116<\/em><br \/>\n<em>Herr, nun l\u00e4ssest du deinen Diener in Frieden fahren, op. 69, nro 1<\/em><br \/>\n<em>Zum Abendsegen<\/em><br \/>\n<em>H\u00f6r mein Bitten, Herr, neige dich zu mir<\/em><br \/>\n<em>(sol.; Marita Koskinen, sopraano; Anne Nietosvaara, urut)<\/em><\/p>\n<p><strong>29.3. Tampere<\/strong>, Tampere-talo<br \/>\n<em>Sininen hetki Cafe Soolossa<\/em><br \/>\nKoraaleja Bachin Matteus-passiosta<br \/>\nJoht.: Heikki Liimola<\/p>\n<p><strong>1.4. Tampere<\/strong>, Tampere-talo<br \/>\n<em>Antonin Dvorak: Stabat Mater, op. 58<\/em><br \/>\nTampereen kaupunginorkesteri<br \/>\nJoht.: Janos F\u00fcrst<br \/>\nSol.: Kirsi Tiihonen (s), P\u00e4ivi Nisula (mz), Ari Gr\u00f6nthal (t), Heikki Orama (b)<\/p>\n<p><strong>18.5. Lemp\u00e4\u00e4l\u00e4<\/strong>, Lemp\u00e4\u00e4l\u00e4n kirkko<br \/>\n<strong>19.5. Tampere<\/strong>, Aleksanterin kirkko<br \/>\nJoht.: Heikki Liimola<br \/>\n<em>Anton Bruckner:<\/em><br \/>\n<em>Christus factus est<\/em><br \/>\n<em>Locus iste<\/em><br \/>\n<em>Os justi<\/em><br \/>\n<em>Toivo Kuula: Meren virsi<\/em><br \/>\n<em>Frank Martin: Messe f\u00fcr zwei vierstimmige Ch\u00f6re<\/em><\/p>\n<p><strong>19.8. Tampere<\/strong>, Tampereen Tuomiokirkko<br \/>\n<em>Giuseppe Verdi: Requiem<\/em><br \/>\nEstonia-teatterin orkesteri ja kuoro, Tampereen Filharmoninen Kuoro<br \/>\nJoht.: Eri Klas<br \/>\nSol.: Irena Milkeviciute (S), Irina Arhipova (Mz), Ingus Petersons (T), Mati Palm (B)<\/p>\n<p><strong>5.11. Tampere<\/strong>, Aleksanterin kirkko<br \/>\nPyh\u00e4inp\u00e4iv\u00e4n jumalanpalvelus<br \/>\nJoht.: Heikki Liimola<\/p>\n<p><strong>4.12.1994\u00a0<\/strong>\u00a0<strong>Tampere<\/strong>, Tampere-talo<br \/>\n<em>Franz Schubert: Sarja n\u00e4ytelm\u00e4st\u00e4 Rosamunde, Kyproksen ruhtinatar, D 797<\/em> (Geisterchor, Hirtenchor, J\u00e4gerchor)<br \/>\nTampereen kaupunginorkesteri<br \/>\nJoht.: Tuomas Ollila<br \/>\nSol.: Victoria de los Angeles (S)<\/p>\n<p><strong>6.12. Tampere<\/strong>, Keskustori<br \/>\nItsen\u00e4isyysp\u00e4iv\u00e4n juhlavastaanotto<br \/>\nJoht.: Heikki Liimola<br \/>\nTaneli Kuusisto: Suomalainen rukous<br \/>\nJean Sibelius: Finlandia-hymni<\/p>\n<p><strong>16.12. Tampere<\/strong>, Tampere-talo<br \/>\n<em>Wolfgang Amadeus Mozart: Messu c-molli, KV 427<\/em><br \/>\nTampereen kaupunginorkesteri<br \/>\nJoht.: Tuomas Ollila<br \/>\nSol.: Anna-Kristiina Kaappola (s), Pia Freund (s), Anssi Hirvonen (t), Juha Kotilainen (b)<\/p>\n<p><strong>21.12. Helsinki <\/strong>Finlandia-talo (TV2-taltiointi)<br \/>\n<em>Mahler<\/em>: 2. sinfonia (Yl\u00f6snousemus)<br \/>\nSolistit: Monica Groop (altto), Gunnel Bohman (sopraano)<br \/>\nCCA, Tampereen Filharmoninen kuoro ja Radion Sinfoniaorkesteri, joht. Jukka-Pekka Saraste<\/p>\n<h4>1993<\/h4>\n<p><strong>17.12. Tampere<\/strong>, Tampere-talo<br \/>\n<em>Joseph Haydn: Die Jahreszeiten<\/em><br \/>\nTampereen Filharmoninen Kuoro ja H\u00e4ndel-kuoro<br \/>\nJoht. Ari Rasilainen<br \/>\nSol. Satu Vihavainen (s), Jorma Silvasti (t), Antti Suhonen (b)<\/p>\n<p><strong>6.12. Tampere<\/strong>, Keskustori<br \/>\nItsen\u00e4isyysp\u00e4iv\u00e4n juhlavastaanotto<br \/>\nJoht. Heikki Liimola<\/p>\n<p><strong>2.6. Tampere<\/strong>, Tampere-talon l\u00e4mpi\u00f6tilat<br \/>\nTampereen S\u00e4velen avajaiskonsertti (kuorot esiintyiv\u00e4t eri puolilla Tampere-taloa)<br \/>\nJoht. Heikki Liimola<br \/>\n<em>Selim Palmgren:\u00a0Juhannus, Poppelit; Aarre Merikanto: Syd\u00e4meni laulu; Toivo Kuula: Venelaulu, Auringon noustessa<\/em><\/p>\n<p><strong>24.5. Tampere<\/strong>,\u00a0Tampere-talo<br \/>\nJoht. Heikki Liimola<br \/>\n<em>Felix Mendelssohn: Kolme motettia (op. 79); Eino Juhani Rautavaara: Canticum Mariae Virginis; Toivo Kuula: Meren virsi<\/em><br \/>\n<em>Frank Martin: Messe f\u00fcr zwei vierstimmige Ch\u00f6re<\/em><\/p>\n<p><strong>7.5. Tampere<\/strong>,\u00a0Tampere-talo<br \/>\n<em>Ludwig van Beethoven: Sinfonia nro 9, op. 125, d-molli<\/em><br \/>\nTampereen kaupunginorkesteri<br \/>\nJoht. Leonid Grin<br \/>\nSol. Anitta Ranta (s), Anna-Liisa Jacobsson (mz), Raimo Sirki\u00e4 (t), Johann Tilli (b)<\/p>\n<h4>1992<\/h4>\n<p><strong>18.12. Tampere<\/strong>,\u00a0Tampere-talo<br \/>\n<em>Felix Mendelssohn-Bartholdy: Sinfonia nro 2 \"Lobgesang\"<\/em><br \/>\nTampereen kaupunginorkesteri<br \/>\nJoht. Tuomas Ollila<br \/>\nSol. Pia Freund (s), Pia Raanoja (s), Janis Sprogis (t)<\/p>\n<p><strong>8.11. Tampere<\/strong>,\u00a0Tampere-talo<br \/>\nJoht. Heikki Liimola<br \/>\n<em>Heikki Klemetti:\u00a0Sinikellot; Selim Palmgren: Juhannus, Poppeli, Suru; Armas Maasalo: Epilogi; Toivo Kuula: Venelaulu, Karavaanikuoro (sol. Sari-Anne Kuukankorpi (s), Erkki Korpiaho (t)), Keinutan keinua, Jean Sibelius: Rakastava ( sol. Sari-Anne Kuukankorpi (s), Rauno Saurio (b)); Leevi Madetoja: Katson virran kaivohon, Kukka haudalla, Onnelliset; Oskar Merikanto: Onnelliset;\u00a0Aarre Merikanto: Syd\u00e4meni laulu; Oskar Merikanto: Visa; Toivo Kuula: S\u00e4vel, Siel' on kauan jo kukkineet omenapuut, Tuuti lasta, Auringon noustessa; Jean Sibelius: Syd\u00e4meni laulu<\/em><\/p>\n<p><strong>29.5.\u00a0 Tampere<\/strong>, \u00a0Tampere-talo<br \/>\n<em>Giuseppe Verdi: Requiem<\/em><br \/>\nTampereen Filharmoninen Kuoro ja H\u00e4ndel-kuoro<br \/>\nTampereen kaupunginorkesteri<br \/>\njoht. Ari Rasilainen<br \/>\nSol. Renate Behle (s), Hellikki Pentti (a), Raimo Sirki\u00e4 (t), Carsten Stabell (b)<\/p>\n<p><strong>17.4. Tampere<\/strong>,\u00a0Tampere-talo<br \/>\n<em>Gioacchino Rossini: Stabat Mater<\/em><br \/>\nTampereen kaupunginorkesteri<br \/>\njoht. Ari Rasilainen<br \/>\nSol. Kym Amps (s), Ulla Sippola (mz), Ari Gr\u00f6nthal (t), Martti Wallen (b)<\/p>\n<p><strong>8.4. Tampere<\/strong>, Tampere-talo<br \/>\n<em>Gustav Mahler: Sinfonia nro 2 c-molli \"Yl\u00f6snousemus\"<\/em><br \/>\nHelsingin kaupunginorkesteri<br \/>\nSibelius-Akatemian orkesteri<br \/>\njoht. Sergiu Commissiona<br \/>\nsol. Silvia Lindestand (s), Kaisa Hannula (mz)<\/p>\n<p><strong>1990 - 1991<\/strong><br \/>\n<strong>17.11. Kangasala<\/strong>, Kangasalan kirkko<br \/>\nJoht. Heikki Liimola<br \/>\n<em>Giuseppe Verdi: Pater Noster, Ave Maria;\u00a0Felix Mendelssohn-Bartholdy:\u00a0Richte mich mein Gott und f\u00fchre meine Sache (op. 78),\u00a0Mitten wir im Leben sind (op. 69, nro 3), Herr nun l\u00e4ssest du deinen Diener in Friede fahren (op. 69, nro 1); Max Reger: Nachtlied (op. 138, nro 3), Unser lieben Frauen Traum (op. 138, nro 4);\u00a0Eino Juhani Rautavaara: Canticum Marie virginis;\u00a0Frank Martin: Messe f\u00fcr zwei vierstimmige Ch\u00f6re (osat Kyrie, Agnus Dei)<\/em><\/p>\n<p><strong>19.4. Tampere<\/strong>, Tampere-talo<br \/>\n<em>Wolfgang Amadeus Mozart: Requiem KV 626, d-molli<\/em><br \/>\nTampereen kaupunginorkesteri, joht. Leonid Grin<br \/>\nSol. Pia Raanoja (s), P\u00e4ivi Nisula (mz), Pekka Arola (t), Juha Kotilainen (b)<\/p>\n<p><strong>24.3. Tampere<\/strong>,\u00a0Tampereen Tuomiokirkko<br \/>\nJoht. Heikki Liimola,<br \/>\nSolisti: P\u00e4ivi Nisula (s),<br \/>\nUrut: Matti Hannula<br \/>\n<em>Giuseppe Verdi:\u00a0Pater Noster, Ave Maria, Laudi alla vergine Maria (naiskuoro); Felix Mendelssohn-Bartholdy: Warum toben die Heiden (op. 78)\u00a0(kuoro ja solistikvartetti),\u00a0Richte mich mein Gott und f\u00fchre meine Sache (op. 78), Mein Gott warum hast Du mich verlassen?\u00a0 (op. 78)\u00a0 (kuoro ja solistikvartetti);\u00a0Max Reger:\u00a0Der Mensch lebt und\u00a0bestehet nur eine kleine Zeit (op. 138, nro 1), Nachtlied (op. 138, nro 3), Unser lieben Frauen Traum (op. 138, nro 4), Das Agnus Dei (op. 138, nro 6);\u00a0 Felix Mendelssohn-Bartholdy:\u00a0H\u00f6r mein Bitten, Herr, neige dich zu mir (P\u00e4ivi\u00a0Nisula (s), Matti Hannula (urut), solistikvartetit: Heidi Hilden (s), Marjaana Halttunen (a), Erkki Korpiaho (t), Jussi Tamminen (b), Leena M\u00e4kel\u00e4 (s), Leena Korkealehto (a), Antti Sipola (t), Martti Ylip\u00e4\u00e4 (b).<\/em><\/p>\n","protected":false},"excerpt":{"rendered":"<p>1995 14.4.Tampere, Tampereen Tuomiokirkko Johann Sebastian Bach: Matteus-passio, BWV 244 Tampereen kaupunginorkesteri Joht.: Roy Goodman Sol.: Anu Komsi (s), Lilli Paasikivi (a), Rufus M\u00fcller (evankelista), Antti Suhonen (Jeesus), William Kendall (t), Jaakko Kortekangas (b) (muissa osissa: Saija Makkonen (s), Kristiina Rasila (s), Tarja Reijonen (s), Margareta Ekman (a), Erkki Korpiaho (t), Arto Nieminen (t), Rauno <a href=\"https:\/\/tfk.fi\/wp1\/konsertit-1990-1995\/\" class=\"more-link\">...jatka lukemista<span class=\"screen-reader-text\"> \"Konsertit 1990 &#8211; 1995\"<\/span><\/a><\/p>\n","protected":false},"author":1,"featured_media":0,"parent":0,"menu_order":0,"comment_status":"closed","ping_status":"closed","template":"","meta":{"footnotes":""},"class_list":["post-124","page","type-page","status-publish","h-entry","hentry","h-as-page"],"yoast_head":"<!-- This site is optimized with the Yoast SEO plugin v23.4 - https:\/\/yoast.com\/wordpress\/plugins\/seo\/ -->\n<title>Konsertit 1990 - 1995 - TAMPEREEN FILHARMONINEN KUORO<\/title>\n<meta name=\"robots\" content=\"index, follow, max-snippet:-1, max-image-preview:large, max-video-preview:-1\" \/>\n<link rel=\"canonical\" href=\"https:\/\/tfk.fi\/wp1\/konsertit-1990-1995\/\" \/>\n<meta property=\"og:locale\" content=\"fi_FI\" \/>\n<meta property=\"og:type\" content=\"article\" \/>\n<meta property=\"og:title\" content=\"Konsertit 1990 - 1995 - TAMPEREEN FILHARMONINEN KUORO\" \/>\n<meta property=\"og:description\" content=\"1995 14.4.Tampere, Tampereen Tuomiokirkko Johann Sebastian Bach: Matteus-passio, BWV 244 Tampereen kaupunginorkesteri Joht.: Roy Goodman Sol.: Anu Komsi (s), Lilli Paasikivi (a), Rufus M\u00fcller (evankelista), Antti Suhonen (Jeesus), William Kendall (t), Jaakko Kortekangas (b) (muissa osissa: Saija Makkonen (s), Kristiina Rasila (s), Tarja Reijonen (s), Margareta Ekman (a), Erkki Korpiaho (t), Arto Nieminen (t), Rauno ...jatka lukemista &quot;Konsertit 1990 &#8211; 1995&quot;\" \/>\n<meta property=\"og:url\" content=\"https:\/\/tfk.fi\/wp1\/konsertit-1990-1995\/\" \/>\n<meta property=\"og:site_name\" content=\"TAMPEREEN FILHARMONINEN KUORO\" \/>\n<meta property=\"article:publisher\" content=\"https:\/\/fi-fi.facebook.com\/TampereenFilharmoninenKuoro\/\" \/>\n<meta property=\"article:modified_time\" content=\"2024-05-21T18:16:49+00:00\" \/>\n<meta name=\"twitter:card\" content=\"summary_large_image\" \/>\n<meta name=\"twitter:site\" content=\"@tfk_tampere\" \/>\n<meta name=\"twitter:label1\" content=\"Arvioitu lukuaika\" \/>\n\t<meta name=\"twitter:data1\" content=\"7 minuuttia\" \/>\n<script type=\"application\/ld+json\" class=\"yoast-schema-graph\">{\"@context\":\"https:\/\/schema.org\",\"@graph\":[{\"@type\":\"WebPage\",\"@id\":\"https:\/\/tfk.fi\/wp1\/konsertit-1990-1995\/\",\"url\":\"https:\/\/tfk.fi\/wp1\/konsertit-1990-1995\/\",\"name\":\"Konsertit 1990 - 1995 - TAMPEREEN FILHARMONINEN KUORO\",\"isPartOf\":{\"@id\":\"https:\/\/tfk.fi\/wp1\/#website\"},\"datePublished\":\"2018-08-09T20:19:47+00:00\",\"dateModified\":\"2024-05-21T18:16:49+00:00\",\"breadcrumb\":{\"@id\":\"https:\/\/tfk.fi\/wp1\/konsertit-1990-1995\/#breadcrumb\"},\"inLanguage\":\"fi\",\"potentialAction\":[{\"@type\":\"ReadAction\",\"target\":[\"https:\/\/tfk.fi\/wp1\/konsertit-1990-1995\/\"]}]},{\"@type\":\"BreadcrumbList\",\"@id\":\"https:\/\/tfk.fi\/wp1\/konsertit-1990-1995\/#breadcrumb\",\"itemListElement\":[{\"@type\":\"ListItem\",\"position\":1,\"name\":\"Home\",\"item\":\"https:\/\/tfk.fi\/wp1\/\"},{\"@type\":\"ListItem\",\"position\":2,\"name\":\"Konsertit 1990 &#8211; 1995\"}]},{\"@type\":\"WebSite\",\"@id\":\"https:\/\/tfk.fi\/wp1\/#website\",\"url\":\"https:\/\/tfk.fi\/wp1\/\",\"name\":\"TAMPEREEN FILHARMONINEN KUORO\",\"description\":\"Tampere Philharmonic Choir\",\"publisher\":{\"@id\":\"https:\/\/tfk.fi\/wp1\/#organization\"},\"potentialAction\":[{\"@type\":\"SearchAction\",\"target\":{\"@type\":\"EntryPoint\",\"urlTemplate\":\"https:\/\/tfk.fi\/wp1\/?s={search_term_string}\"},\"query-input\":{\"@type\":\"PropertyValueSpecification\",\"valueRequired\":true,\"valueName\":\"search_term_string\"}}],\"inLanguage\":\"fi\"},{\"@type\":\"Organization\",\"@id\":\"https:\/\/tfk.fi\/wp1\/#organization\",\"name\":\"Tampereen Filharmoninen Kuoro\",\"url\":\"https:\/\/tfk.fi\/wp1\/\",\"logo\":{\"@type\":\"ImageObject\",\"inLanguage\":\"fi\",\"@id\":\"https:\/\/tfk.fi\/wp1\/#\/schema\/logo\/image\/\",\"url\":\"https:\/\/tfk.fi\/wp1\/wp-content\/uploads\/2018\/08\/TFK-logo_100x50.jpg\",\"contentUrl\":\"https:\/\/tfk.fi\/wp1\/wp-content\/uploads\/2018\/08\/TFK-logo_100x50.jpg\",\"width\":100,\"height\":53,\"caption\":\"Tampereen Filharmoninen Kuoro\"},\"image\":{\"@id\":\"https:\/\/tfk.fi\/wp1\/#\/schema\/logo\/image\/\"},\"sameAs\":[\"https:\/\/fi-fi.facebook.com\/TampereenFilharmoninenKuoro\/\",\"https:\/\/x.com\/tfk_tampere\",\"https:\/\/www.instagram.com\/tampereenfilharmoninenkuoro\/?hl=fi\",\"https:\/\/www.youtube.com\/channel\/UCHNsgug_VXv_-TiyOBP5_cg\/featured\",\"https:\/\/fi.wikipedia.org\/wiki\/Tampereen_Filharmoninen_Kuoro\"]}]}<\/script>\n<!-- \/ Yoast SEO plugin. -->","yoast_head_json":{"title":"Konsertit 1990 - 1995 - TAMPEREEN FILHARMONINEN KUORO","robots":{"index":"index","follow":"follow","max-snippet":"max-snippet:-1","max-image-preview":"max-image-preview:large","max-video-preview":"max-video-preview:-1"},"canonical":"https:\/\/tfk.fi\/wp1\/konsertit-1990-1995\/","og_locale":"fi_FI","og_type":"article","og_title":"Konsertit 1990 - 1995 - TAMPEREEN FILHARMONINEN KUORO","og_description":"1995 14.4.Tampere, Tampereen Tuomiokirkko Johann Sebastian Bach: Matteus-passio, BWV 244 Tampereen kaupunginorkesteri Joht.: Roy Goodman Sol.: Anu Komsi (s), Lilli Paasikivi (a), Rufus M\u00fcller (evankelista), Antti Suhonen (Jeesus), William Kendall (t), Jaakko Kortekangas (b) (muissa osissa: Saija Makkonen (s), Kristiina Rasila (s), Tarja Reijonen (s), Margareta Ekman (a), Erkki Korpiaho (t), Arto Nieminen (t), Rauno ...jatka lukemista \"Konsertit 1990 &#8211; 1995\"","og_url":"https:\/\/tfk.fi\/wp1\/konsertit-1990-1995\/","og_site_name":"TAMPEREEN FILHARMONINEN KUORO","article_publisher":"https:\/\/fi-fi.facebook.com\/TampereenFilharmoninenKuoro\/","article_modified_time":"2024-05-21T18:16:49+00:00","twitter_card":"summary_large_image","twitter_site":"@tfk_tampere","twitter_misc":{"Arvioitu lukuaika":"7 minuuttia"},"schema":{"@context":"https:\/\/schema.org","@graph":[{"@type":"WebPage","@id":"https:\/\/tfk.fi\/wp1\/konsertit-1990-1995\/","url":"https:\/\/tfk.fi\/wp1\/konsertit-1990-1995\/","name":"Konsertit 1990 - 1995 - TAMPEREEN FILHARMONINEN KUORO","isPartOf":{"@id":"https:\/\/tfk.fi\/wp1\/#website"},"datePublished":"2018-08-09T20:19:47+00:00","dateModified":"2024-05-21T18:16:49+00:00","breadcrumb":{"@id":"https:\/\/tfk.fi\/wp1\/konsertit-1990-1995\/#breadcrumb"},"inLanguage":"fi","potentialAction":[{"@type":"ReadAction","target":["https:\/\/tfk.fi\/wp1\/konsertit-1990-1995\/"]}]},{"@type":"BreadcrumbList","@id":"https:\/\/tfk.fi\/wp1\/konsertit-1990-1995\/#breadcrumb","itemListElement":[{"@type":"ListItem","position":1,"name":"Home","item":"https:\/\/tfk.fi\/wp1\/"},{"@type":"ListItem","position":2,"name":"Konsertit 1990 &#8211; 1995"}]},{"@type":"WebSite","@id":"https:\/\/tfk.fi\/wp1\/#website","url":"https:\/\/tfk.fi\/wp1\/","name":"TAMPEREEN FILHARMONINEN KUORO","description":"Tampere Philharmonic Choir","publisher":{"@id":"https:\/\/tfk.fi\/wp1\/#organization"},"potentialAction":[{"@type":"SearchAction","target":{"@type":"EntryPoint","urlTemplate":"https:\/\/tfk.fi\/wp1\/?s={search_term_string}"},"query-input":{"@type":"PropertyValueSpecification","valueRequired":true,"valueName":"search_term_string"}}],"inLanguage":"fi"},{"@type":"Organization","@id":"https:\/\/tfk.fi\/wp1\/#organization","name":"Tampereen Filharmoninen Kuoro","url":"https:\/\/tfk.fi\/wp1\/","logo":{"@type":"ImageObject","inLanguage":"fi","@id":"https:\/\/tfk.fi\/wp1\/#\/schema\/logo\/image\/","url":"https:\/\/tfk.fi\/wp1\/wp-content\/uploads\/2018\/08\/TFK-logo_100x50.jpg","contentUrl":"https:\/\/tfk.fi\/wp1\/wp-content\/uploads\/2018\/08\/TFK-logo_100x50.jpg","width":100,"height":53,"caption":"Tampereen Filharmoninen Kuoro"},"image":{"@id":"https:\/\/tfk.fi\/wp1\/#\/schema\/logo\/image\/"},"sameAs":["https:\/\/fi-fi.facebook.com\/TampereenFilharmoninenKuoro\/","https:\/\/x.com\/tfk_tampere","https:\/\/www.instagram.com\/tampereenfilharmoninenkuoro\/?hl=fi","https:\/\/www.youtube.com\/channel\/UCHNsgug_VXv_-TiyOBP5_cg\/featured","https:\/\/fi.wikipedia.org\/wiki\/Tampereen_Filharmoninen_Kuoro"]}]}},"_links":{"self":[{"href":"https:\/\/tfk.fi\/wp1\/wp-json\/wp\/v2\/pages\/124","targetHints":{"allow":["GET"]}}],"collection":[{"href":"https:\/\/tfk.fi\/wp1\/wp-json\/wp\/v2\/pages"}],"about":[{"href":"https:\/\/tfk.fi\/wp1\/wp-json\/wp\/v2\/types\/page"}],"author":[{"embeddable":true,"href":"https:\/\/tfk.fi\/wp1\/wp-json\/wp\/v2\/users\/1"}],"replies":[{"embeddable":true,"href":"https:\/\/tfk.fi\/wp1\/wp-json\/wp\/v2\/comments?post=124"}],"version-history":[{"count":14,"href":"https:\/\/tfk.fi\/wp1\/wp-json\/wp\/v2\/pages\/124\/revisions"}],"predecessor-version":[{"id":1531,"href":"https:\/\/tfk.fi\/wp1\/wp-json\/wp\/v2\/pages\/124\/revisions\/1531"}],"wp:attachment":[{"href":"https:\/\/tfk.fi\/wp1\/wp-json\/wp\/v2\/media?parent=124"}],"curies":[{"name":"wp","href":"https:\/\/api.w.org\/{rel}","templated":true}]}}