{"id":2,"date":"2018-08-09T14:22:28","date_gmt":"2018-08-09T14:22:28","guid":{"rendered":"http:\/\/178.63.53.181\/~tfkfi\/wp1\/?page_id=2"},"modified":"2021-10-10T00:46:06","modified_gmt":"2021-10-09T21:46:06","slug":"sample-page","status":"publish","type":"page","link":"https:\/\/tfk.fi\/wp1\/sample-page\/","title":{"rendered":"Kuoron historiaa"},"content":{"rendered":"<figure id=\"attachment_74\" aria-describedby=\"caption-attachment-74\" style=\"width: 300px\" class=\"wp-caption alignright\"><img loading=\"lazy\" decoding=\"async\" class=\"size-medium wp-image-74\" src=\"https:\/\/tfk.fi\/wp1\/wp-content\/uploads\/2018\/08\/kuoro_vanha-300x224.jpg\" alt=\"\" width=\"300\" height=\"224\" \/><figcaption id=\"caption-attachment-74\" class=\"wp-caption-text\">Tampereen Oratoriokuoro 1990-luvun alussa.<\/figcaption><\/figure>\n<p>Tampereen Filharmoninen Kuoro perustettiin syksyll\u00e4 1990 Tampere-talon oratoriokuoron nimell\u00e4. Perustettaessa se oli Suomen ensimm\u00e4inen filharmoninen kuoro. Taustavaikuttajina syntyvaiheessa olivat Tampereen kaupunki, Tampere-talo ja Tampereen evankelis-luterilaiset seurakunnat. Ajatuksena oli luoda kuorosta Tampereen edustuskuoro, joka olisi\u00a0kokoonpanoltaan riitt\u00e4v\u00e4n iso mittavienkin teosten esitt\u00e4miseen. Kuoroa ryhtyi johtamaan kuorokapellimestari <strong>Heikki Liimola<\/strong>. Kev\u00e4\u00e4ll\u00e4 2005 johtajana toimi <strong>Jussi Kauranen<\/strong>. Syksyst\u00e4 2005 kev\u00e4\u00e4seen 2013 kuoron taiteellisena johtajana toimi kuorokapellimestari <strong>Timo Nuoranne<\/strong>. Syksyst\u00e4 2013 kev\u00e4\u00e4seen 2020 kuoron taiteellisena johtajana on toimi kuoro- ja orkesterikapellimestari<strong> Jani Siv\u00e9n<\/strong>, mink\u00e4 j\u00e4lkeen johtajana vieraili <strong>Elisa Huovinen.<\/strong>\u00a0Syksyst\u00e4 2020 l\u00e4htien kuoron taiteellisena johtajana on toiminut kuoro- ja orkesterikapellimestari <strong>Ruut Kiiski<\/strong> ja kuoromestarina kuoronjohtaja\u00a0<strong>Jouni Rissanen.<\/strong><\/p>\n<p>Kuoron koko olemassaolon ajan sen ty\u00f6skentelyss\u00e4 on ollut kaksi p\u00e4\u00e4linjaa: isot orkesteriteokset ja omat a cappella -produktiot. <em>Tampere Filharmonia<\/em> on ollut kuoron t\u00e4rkein yhteisty\u00f6kumppani, mutta kuoro on esiintynyt my\u00f6s mm.\u00a0<em>Radion sinfoniaorkesterin<\/em>, <em>Helsingin kaupunginorkesterin, Viron festivaaliorkesterin, Plovdivin valtionoopperan orkesterin, Estonia-teatterin orkesterin sek\u00e4 Sein\u00e4joen ja Vaasan orkesterien kanssa<\/em>.<\/p>\n<figure id=\"attachment_75\" aria-describedby=\"caption-attachment-75\" style=\"width: 450px\" class=\"wp-caption alignleft\"><img loading=\"lazy\" decoding=\"async\" class=\"size-full wp-image-75\" src=\"http:\/\/178.63.53.181\/~tfkfi\/wp1\/wp-content\/uploads\/2018\/08\/TFK4.jpg\" alt=\"\" width=\"450\" height=\"270\" srcset=\"https:\/\/tfk.fi\/wp1\/wp-content\/uploads\/2018\/08\/TFK4.jpg 450w, https:\/\/tfk.fi\/wp1\/wp-content\/uploads\/2018\/08\/TFK4-300x180.jpg 300w\" sizes=\"auto, (max-width: 450px) 100vw, 450px\" \/><figcaption id=\"caption-attachment-75\" class=\"wp-caption-text\">Tampereen Filharmoninen Kuoro ja Tampere Filharmonia 2018.<\/figcaption><\/figure>\n<p>A cappella -konserteilla on ollut t\u00e4rke\u00e4 merkitys kuoron soinnin luomisessa ja kehitt\u00e4misess\u00e4. Kaiken kaikkiaan Tampereen Filharmoninen Kuoro on ehtinyt laulaa jo yli 80 konsertissa ja kymmeniss\u00e4 pienemmiss\u00e4 esiintymistilaisuuksissa, kotimaan lis\u00e4ksi my\u00f6s Virossa, Saksassa, Bulgariassa ja Espanjassa. Ohelmistoon kuuluu tunnettujen suurteosten lis\u00e4ksi my\u00f6s harvinaisuuksia, esim. <em>H\u00e4ndelin Belshazzar-oratorio<\/em>, <em>Schumannin Requiem<\/em> (molemmat Suomen ensiesityksi\u00e4), <em>Klamin Psalmus, Englundin 6. sinfonia ja Martinin Golgata<\/em>.<\/p>\n<p>Tampereen Filharmoninen Kuoro levytt\u00e4nyt useita kertoja. Kuoro\u00a0on mukana kolmella\u00a0Tampereen kaupunginorkesterin levyll\u00e4.\u00a0Sibeliuksen Sanomalehdist\u00f6n p\u00e4ivien musiikin ensilevytys\u00a0on palkittu kolmella levypalkinnolla.\u00a0<em>Einar Englundin 6. sinfonia\u00a0<\/em>sai vuoden 2001 Janne-palkinnon. Kuoron ensimm\u00e4inen a cappella -levy Suomalaisia kuoroklassikoita ilmestyi kev\u00e4\u00e4ll\u00e4 2002. Tampere Filharmonian kanssa on levytetty my\u00f6s\u00a0romanialaisen <em>George\u00a0Enescun 3. sinfonia<\/em> (2013).<\/p>\n","protected":false},"excerpt":{"rendered":"<p>Tampereen Filharmoninen Kuoro perustettiin syksyll\u00e4 1990 Tampere-talon oratoriokuoron nimell\u00e4. Perustettaessa se oli Suomen ensimm\u00e4inen filharmoninen kuoro. Taustavaikuttajina syntyvaiheessa olivat Tampereen kaupunki, Tampere-talo ja Tampereen evankelis-luterilaiset seurakunnat. Ajatuksena oli luoda kuorosta Tampereen edustuskuoro, joka olisi\u00a0kokoonpanoltaan riitt\u00e4v\u00e4n iso mittavienkin teosten esitt\u00e4miseen. Kuoroa ryhtyi johtamaan kuorokapellimestari Heikki Liimola. Kev\u00e4\u00e4ll\u00e4 2005 johtajana toimi Jussi Kauranen. Syksyst\u00e4 2005 kev\u00e4\u00e4seen 2013 <a href=\"https:\/\/tfk.fi\/wp1\/sample-page\/\" class=\"more-link\">...jatka lukemista<span class=\"screen-reader-text\"> \"Kuoron historiaa\"<\/span><\/a><\/p>\n","protected":false},"author":1,"featured_media":0,"parent":0,"menu_order":0,"comment_status":"closed","ping_status":"open","template":"","meta":{"footnotes":""},"class_list":["post-2","page","type-page","status-publish","h-entry","hentry","h-as-page"],"yoast_head":"<!-- This site is optimized with the Yoast SEO plugin v23.4 - https:\/\/yoast.com\/wordpress\/plugins\/seo\/ -->\n<title>Kuoron historiaa - TAMPEREEN FILHARMONINEN KUORO<\/title>\n<meta name=\"robots\" content=\"index, follow, max-snippet:-1, max-image-preview:large, max-video-preview:-1\" \/>\n<link rel=\"canonical\" href=\"https:\/\/tfk.fi\/wp1\/sample-page\/\" \/>\n<meta property=\"og:locale\" content=\"fi_FI\" \/>\n<meta property=\"og:type\" content=\"article\" \/>\n<meta property=\"og:title\" content=\"Kuoron historiaa - TAMPEREEN FILHARMONINEN KUORO\" \/>\n<meta property=\"og:description\" content=\"Tampereen Filharmoninen Kuoro perustettiin syksyll\u00e4 1990 Tampere-talon oratoriokuoron nimell\u00e4. Perustettaessa se oli Suomen ensimm\u00e4inen filharmoninen kuoro. Taustavaikuttajina syntyvaiheessa olivat Tampereen kaupunki, Tampere-talo ja Tampereen evankelis-luterilaiset seurakunnat. Ajatuksena oli luoda kuorosta Tampereen edustuskuoro, joka olisi\u00a0kokoonpanoltaan riitt\u00e4v\u00e4n iso mittavienkin teosten esitt\u00e4miseen. Kuoroa ryhtyi johtamaan kuorokapellimestari Heikki Liimola. Kev\u00e4\u00e4ll\u00e4 2005 johtajana toimi Jussi Kauranen. Syksyst\u00e4 2005 kev\u00e4\u00e4seen 2013 ...jatka lukemista &quot;Kuoron historiaa&quot;\" \/>\n<meta property=\"og:url\" content=\"https:\/\/tfk.fi\/wp1\/sample-page\/\" \/>\n<meta property=\"og:site_name\" content=\"TAMPEREEN FILHARMONINEN KUORO\" \/>\n<meta property=\"article:publisher\" content=\"https:\/\/fi-fi.facebook.com\/TampereenFilharmoninenKuoro\/\" \/>\n<meta property=\"article:modified_time\" content=\"2021-10-09T21:46:06+00:00\" \/>\n<meta property=\"og:image\" content=\"http:\/\/tfk.fi\/wp1\/wp-content\/uploads\/2018\/08\/kuoro_vanha-300x224.jpg\" \/>\n<meta name=\"twitter:card\" content=\"summary_large_image\" \/>\n<meta name=\"twitter:site\" content=\"@tfk_tampere\" \/>\n<meta name=\"twitter:label1\" content=\"Arvioitu lukuaika\" \/>\n\t<meta name=\"twitter:data1\" content=\"2 minuuttia\" \/>\n<script type=\"application\/ld+json\" class=\"yoast-schema-graph\">{\"@context\":\"https:\/\/schema.org\",\"@graph\":[{\"@type\":\"WebPage\",\"@id\":\"https:\/\/tfk.fi\/wp1\/sample-page\/\",\"url\":\"https:\/\/tfk.fi\/wp1\/sample-page\/\",\"name\":\"Kuoron historiaa - TAMPEREEN FILHARMONINEN KUORO\",\"isPartOf\":{\"@id\":\"https:\/\/tfk.fi\/wp1\/#website\"},\"primaryImageOfPage\":{\"@id\":\"https:\/\/tfk.fi\/wp1\/sample-page\/#primaryimage\"},\"image\":{\"@id\":\"https:\/\/tfk.fi\/wp1\/sample-page\/#primaryimage\"},\"thumbnailUrl\":\"http:\/\/tfk.fi\/wp1\/wp-content\/uploads\/2018\/08\/kuoro_vanha-300x224.jpg\",\"datePublished\":\"2018-08-09T14:22:28+00:00\",\"dateModified\":\"2021-10-09T21:46:06+00:00\",\"breadcrumb\":{\"@id\":\"https:\/\/tfk.fi\/wp1\/sample-page\/#breadcrumb\"},\"inLanguage\":\"fi\",\"potentialAction\":[{\"@type\":\"ReadAction\",\"target\":[\"https:\/\/tfk.fi\/wp1\/sample-page\/\"]}]},{\"@type\":\"ImageObject\",\"inLanguage\":\"fi\",\"@id\":\"https:\/\/tfk.fi\/wp1\/sample-page\/#primaryimage\",\"url\":\"http:\/\/tfk.fi\/wp1\/wp-content\/uploads\/2018\/08\/kuoro_vanha-300x224.jpg\",\"contentUrl\":\"http:\/\/tfk.fi\/wp1\/wp-content\/uploads\/2018\/08\/kuoro_vanha-300x224.jpg\"},{\"@type\":\"BreadcrumbList\",\"@id\":\"https:\/\/tfk.fi\/wp1\/sample-page\/#breadcrumb\",\"itemListElement\":[{\"@type\":\"ListItem\",\"position\":1,\"name\":\"Home\",\"item\":\"https:\/\/tfk.fi\/wp1\/\"},{\"@type\":\"ListItem\",\"position\":2,\"name\":\"Kuoron historiaa\"}]},{\"@type\":\"WebSite\",\"@id\":\"https:\/\/tfk.fi\/wp1\/#website\",\"url\":\"https:\/\/tfk.fi\/wp1\/\",\"name\":\"TAMPEREEN FILHARMONINEN KUORO\",\"description\":\"Tampere Philharmonic Choir\",\"publisher\":{\"@id\":\"https:\/\/tfk.fi\/wp1\/#organization\"},\"potentialAction\":[{\"@type\":\"SearchAction\",\"target\":{\"@type\":\"EntryPoint\",\"urlTemplate\":\"https:\/\/tfk.fi\/wp1\/?s={search_term_string}\"},\"query-input\":{\"@type\":\"PropertyValueSpecification\",\"valueRequired\":true,\"valueName\":\"search_term_string\"}}],\"inLanguage\":\"fi\"},{\"@type\":\"Organization\",\"@id\":\"https:\/\/tfk.fi\/wp1\/#organization\",\"name\":\"Tampereen Filharmoninen Kuoro\",\"url\":\"https:\/\/tfk.fi\/wp1\/\",\"logo\":{\"@type\":\"ImageObject\",\"inLanguage\":\"fi\",\"@id\":\"https:\/\/tfk.fi\/wp1\/#\/schema\/logo\/image\/\",\"url\":\"https:\/\/tfk.fi\/wp1\/wp-content\/uploads\/2018\/08\/TFK-logo_100x50.jpg\",\"contentUrl\":\"https:\/\/tfk.fi\/wp1\/wp-content\/uploads\/2018\/08\/TFK-logo_100x50.jpg\",\"width\":100,\"height\":53,\"caption\":\"Tampereen Filharmoninen Kuoro\"},\"image\":{\"@id\":\"https:\/\/tfk.fi\/wp1\/#\/schema\/logo\/image\/\"},\"sameAs\":[\"https:\/\/fi-fi.facebook.com\/TampereenFilharmoninenKuoro\/\",\"https:\/\/x.com\/tfk_tampere\",\"https:\/\/www.instagram.com\/tampereenfilharmoninenkuoro\/?hl=fi\",\"https:\/\/www.youtube.com\/channel\/UCHNsgug_VXv_-TiyOBP5_cg\/featured\",\"https:\/\/fi.wikipedia.org\/wiki\/Tampereen_Filharmoninen_Kuoro\"]}]}<\/script>\n<!-- \/ Yoast SEO plugin. -->","yoast_head_json":{"title":"Kuoron historiaa - TAMPEREEN FILHARMONINEN KUORO","robots":{"index":"index","follow":"follow","max-snippet":"max-snippet:-1","max-image-preview":"max-image-preview:large","max-video-preview":"max-video-preview:-1"},"canonical":"https:\/\/tfk.fi\/wp1\/sample-page\/","og_locale":"fi_FI","og_type":"article","og_title":"Kuoron historiaa - TAMPEREEN FILHARMONINEN KUORO","og_description":"Tampereen Filharmoninen Kuoro perustettiin syksyll\u00e4 1990 Tampere-talon oratoriokuoron nimell\u00e4. Perustettaessa se oli Suomen ensimm\u00e4inen filharmoninen kuoro. Taustavaikuttajina syntyvaiheessa olivat Tampereen kaupunki, Tampere-talo ja Tampereen evankelis-luterilaiset seurakunnat. Ajatuksena oli luoda kuorosta Tampereen edustuskuoro, joka olisi\u00a0kokoonpanoltaan riitt\u00e4v\u00e4n iso mittavienkin teosten esitt\u00e4miseen. Kuoroa ryhtyi johtamaan kuorokapellimestari Heikki Liimola. Kev\u00e4\u00e4ll\u00e4 2005 johtajana toimi Jussi Kauranen. Syksyst\u00e4 2005 kev\u00e4\u00e4seen 2013 ...jatka lukemista \"Kuoron historiaa\"","og_url":"https:\/\/tfk.fi\/wp1\/sample-page\/","og_site_name":"TAMPEREEN FILHARMONINEN KUORO","article_publisher":"https:\/\/fi-fi.facebook.com\/TampereenFilharmoninenKuoro\/","article_modified_time":"2021-10-09T21:46:06+00:00","og_image":[{"url":"http:\/\/tfk.fi\/wp1\/wp-content\/uploads\/2018\/08\/kuoro_vanha-300x224.jpg"}],"twitter_card":"summary_large_image","twitter_site":"@tfk_tampere","twitter_misc":{"Arvioitu lukuaika":"2 minuuttia"},"schema":{"@context":"https:\/\/schema.org","@graph":[{"@type":"WebPage","@id":"https:\/\/tfk.fi\/wp1\/sample-page\/","url":"https:\/\/tfk.fi\/wp1\/sample-page\/","name":"Kuoron historiaa - TAMPEREEN FILHARMONINEN KUORO","isPartOf":{"@id":"https:\/\/tfk.fi\/wp1\/#website"},"primaryImageOfPage":{"@id":"https:\/\/tfk.fi\/wp1\/sample-page\/#primaryimage"},"image":{"@id":"https:\/\/tfk.fi\/wp1\/sample-page\/#primaryimage"},"thumbnailUrl":"http:\/\/tfk.fi\/wp1\/wp-content\/uploads\/2018\/08\/kuoro_vanha-300x224.jpg","datePublished":"2018-08-09T14:22:28+00:00","dateModified":"2021-10-09T21:46:06+00:00","breadcrumb":{"@id":"https:\/\/tfk.fi\/wp1\/sample-page\/#breadcrumb"},"inLanguage":"fi","potentialAction":[{"@type":"ReadAction","target":["https:\/\/tfk.fi\/wp1\/sample-page\/"]}]},{"@type":"ImageObject","inLanguage":"fi","@id":"https:\/\/tfk.fi\/wp1\/sample-page\/#primaryimage","url":"http:\/\/tfk.fi\/wp1\/wp-content\/uploads\/2018\/08\/kuoro_vanha-300x224.jpg","contentUrl":"http:\/\/tfk.fi\/wp1\/wp-content\/uploads\/2018\/08\/kuoro_vanha-300x224.jpg"},{"@type":"BreadcrumbList","@id":"https:\/\/tfk.fi\/wp1\/sample-page\/#breadcrumb","itemListElement":[{"@type":"ListItem","position":1,"name":"Home","item":"https:\/\/tfk.fi\/wp1\/"},{"@type":"ListItem","position":2,"name":"Kuoron historiaa"}]},{"@type":"WebSite","@id":"https:\/\/tfk.fi\/wp1\/#website","url":"https:\/\/tfk.fi\/wp1\/","name":"TAMPEREEN FILHARMONINEN KUORO","description":"Tampere Philharmonic Choir","publisher":{"@id":"https:\/\/tfk.fi\/wp1\/#organization"},"potentialAction":[{"@type":"SearchAction","target":{"@type":"EntryPoint","urlTemplate":"https:\/\/tfk.fi\/wp1\/?s={search_term_string}"},"query-input":{"@type":"PropertyValueSpecification","valueRequired":true,"valueName":"search_term_string"}}],"inLanguage":"fi"},{"@type":"Organization","@id":"https:\/\/tfk.fi\/wp1\/#organization","name":"Tampereen Filharmoninen Kuoro","url":"https:\/\/tfk.fi\/wp1\/","logo":{"@type":"ImageObject","inLanguage":"fi","@id":"https:\/\/tfk.fi\/wp1\/#\/schema\/logo\/image\/","url":"https:\/\/tfk.fi\/wp1\/wp-content\/uploads\/2018\/08\/TFK-logo_100x50.jpg","contentUrl":"https:\/\/tfk.fi\/wp1\/wp-content\/uploads\/2018\/08\/TFK-logo_100x50.jpg","width":100,"height":53,"caption":"Tampereen Filharmoninen Kuoro"},"image":{"@id":"https:\/\/tfk.fi\/wp1\/#\/schema\/logo\/image\/"},"sameAs":["https:\/\/fi-fi.facebook.com\/TampereenFilharmoninenKuoro\/","https:\/\/x.com\/tfk_tampere","https:\/\/www.instagram.com\/tampereenfilharmoninenkuoro\/?hl=fi","https:\/\/www.youtube.com\/channel\/UCHNsgug_VXv_-TiyOBP5_cg\/featured","https:\/\/fi.wikipedia.org\/wiki\/Tampereen_Filharmoninen_Kuoro"]}]}},"_links":{"self":[{"href":"https:\/\/tfk.fi\/wp1\/wp-json\/wp\/v2\/pages\/2","targetHints":{"allow":["GET"]}}],"collection":[{"href":"https:\/\/tfk.fi\/wp1\/wp-json\/wp\/v2\/pages"}],"about":[{"href":"https:\/\/tfk.fi\/wp1\/wp-json\/wp\/v2\/types\/page"}],"author":[{"embeddable":true,"href":"https:\/\/tfk.fi\/wp1\/wp-json\/wp\/v2\/users\/1"}],"replies":[{"embeddable":true,"href":"https:\/\/tfk.fi\/wp1\/wp-json\/wp\/v2\/comments?post=2"}],"version-history":[{"count":9,"href":"https:\/\/tfk.fi\/wp1\/wp-json\/wp\/v2\/pages\/2\/revisions"}],"predecessor-version":[{"id":1110,"href":"https:\/\/tfk.fi\/wp1\/wp-json\/wp\/v2\/pages\/2\/revisions\/1110"}],"wp:attachment":[{"href":"https:\/\/tfk.fi\/wp1\/wp-json\/wp\/v2\/media?parent=2"}],"curies":[{"name":"wp","href":"https:\/\/api.w.org\/{rel}","templated":true}]}}