{"id":338,"date":"2018-11-25T22:12:47","date_gmt":"2018-11-25T20:12:47","guid":{"rendered":"http:\/\/tfk.fi\/wp1\/?page_id=338"},"modified":"2018-11-25T22:12:47","modified_gmt":"2018-11-25T20:12:47","slug":"kuoron-levytykset","status":"publish","type":"page","link":"https:\/\/tfk.fi\/wp1\/kuoron-levytykset\/","title":{"rendered":"Kuoron levytykset"},"content":{"rendered":"<p>Tampereen Filharmoninen Kuoro levytt\u00e4nyt useita kertoja. Kuoro\u00a0on mukana kolmella\u00a0Tampereen kaupunginorkesterin levyll\u00e4.\u00a0Sibeliuksen Sanomalehdist\u00f6n p\u00e4ivien musiikin ensilevytys\u00a0on palkittu kolmella levypalkinnolla.\u00a0<em>Einar Englundin 6. sinfonia\u00a0<\/em>sai vuoden 2001 Janne-palkinnon. Kuoron ensimm\u00e4inen a cappella -levy Suomalaisia kuoroklassikoita ilmestyi kev\u00e4\u00e4ll\u00e4 2002. Tampere Filharmonian kanssa on levytetty my\u00f6s\u00a0romanialaisen\u00a0<em>George\u00a0Enescun 3. sinfonia<\/em>\u00a0(2013).<\/p>\n<p>Voit tilata levyj\u00e4 s\u00e4hk\u00f6postitse osoitteesta:<br \/>\n<em>tfk (at) tfk.fi<\/em><br \/>\nL\u00e4het\u00e4mme maksuohjeet s\u00e4hk\u00f6postitse saatuamme tilausviestin.<\/p>\n<p><strong><img loading=\"lazy\" decoding=\"async\" class=\"size-medium wp-image-341 alignright\" src=\"https:\/\/tfk.fi\/wp1\/wp-content\/uploads\/2018\/11\/Suomalaisia_kuoroklassikoita-296x300.jpg\" alt=\"\" width=\"296\" height=\"300\" srcset=\"https:\/\/tfk.fi\/wp1\/wp-content\/uploads\/2018\/11\/Suomalaisia_kuoroklassikoita-296x300.jpg 296w, https:\/\/tfk.fi\/wp1\/wp-content\/uploads\/2018\/11\/Suomalaisia_kuoroklassikoita.jpg 338w\" sizes=\"auto, (max-width: 296px) 100vw, 296px\" \/>Suomalaisa kuoroklassikoita<\/strong><br \/>\nTampereen Filharmoninen Kuoro<br \/>\nJohtaa <em>Heikki Liimola<\/em><\/p>\n<p><em>Sibelius, Rautavaara, Sallinen, Madetoja, Kuula, Maasalo, Merikanto, Ikonen, Palmgren, Fougstedt, Kaski Borenius, Kuusisto, Gustafsson, Kostiainen, Lins\u00e9n, Klemetti.<\/em><\/p>\n<p>Hinta: <strong>20 \u20ac + l\u00e4hetyskulut<\/strong><\/p>\n<p>&nbsp;<\/p>\n<p><strong><img loading=\"lazy\" decoding=\"async\" class=\"size-medium wp-image-340 alignright\" src=\"https:\/\/tfk.fi\/wp1\/wp-content\/uploads\/2018\/11\/Sibelius-300x296.jpg\" alt=\"\" width=\"300\" height=\"296\" srcset=\"https:\/\/tfk.fi\/wp1\/wp-content\/uploads\/2018\/11\/Sibelius-300x296.jpg 300w, https:\/\/tfk.fi\/wp1\/wp-content\/uploads\/2018\/11\/Sibelius.jpg 340w\" sizes=\"auto, (max-width: 300px) 100vw, 300px\" \/>Jean Sibelius:<br \/>\n<\/strong><span style=\"font-size: 1rem;\"><strong>I Karelia Music<\/strong> (1893)<br \/>\n<\/span><span style=\"font-size: 1rem;\"><strong>II PPress Celebration Music<\/strong> (1899)<\/span><span style=\"font-size: 1rem;\"><br \/>\n<\/span><\/p>\n<p>Tampere Philharmonic Orchestra<br \/>\nJohtaa <em>Tuomas Ollila<\/em><br \/>\n<em><br \/>\nTampereen Filharmoninen Kuoro<br \/>\n<\/em><em>Tellu Virkkala, sopraano<\/em><br \/>\n<em>Anna-Kaisa Liedes, sopraano<\/em><br \/>\n<em><span style=\"font-size: 1rem;\">Juha Kotilainen, baritoni<\/span><\/em><\/p>\n<p>Hinta: <strong>20 \u20ac + l\u00e4hetyskulut<\/strong><\/p>\n<p><strong><img loading=\"lazy\" decoding=\"async\" class=\"size-medium wp-image-339 alignright\" src=\"https:\/\/tfk.fi\/wp1\/wp-content\/uploads\/2018\/11\/Enenscu-300x296.jpg\" alt=\"\" width=\"300\" height=\"296\" srcset=\"https:\/\/tfk.fi\/wp1\/wp-content\/uploads\/2018\/11\/Enenscu-300x296.jpg 300w, https:\/\/tfk.fi\/wp1\/wp-content\/uploads\/2018\/11\/Enenscu.jpg 341w\" sizes=\"auto, (max-width: 300px) 100vw, 300px\" \/><\/strong><\/p>\n<p><strong>George Enescu:<\/strong><br \/>\n<strong>Ouverture de Concert<\/strong><br \/>\n<strong>Symphony no. 3<\/strong><\/p>\n<p>Tampere Philharmonic Orhchestra<br \/>\nTampere Philharmonic Choir<br \/>\nConductor\u00a0<em>Hannu Lintu<\/em><\/p>\n<p>Hinta: <strong>20 \u20ac + l\u00e4hetyskulut<\/strong><\/p>\n<p>&nbsp;<\/p>\n<p>&nbsp;<\/p>\n","protected":false},"excerpt":{"rendered":"<p>Tampereen Filharmoninen Kuoro levytt\u00e4nyt useita kertoja. Kuoro\u00a0on mukana kolmella\u00a0Tampereen kaupunginorkesterin levyll\u00e4.\u00a0Sibeliuksen Sanomalehdist\u00f6n p\u00e4ivien musiikin ensilevytys\u00a0on palkittu kolmella levypalkinnolla.\u00a0Einar Englundin 6. sinfonia\u00a0sai vuoden 2001 Janne-palkinnon. Kuoron ensimm\u00e4inen a cappella -levy Suomalaisia kuoroklassikoita ilmestyi kev\u00e4\u00e4ll\u00e4 2002. Tampere Filharmonian kanssa on levytetty my\u00f6s\u00a0romanialaisen\u00a0George\u00a0Enescun 3. sinfonia\u00a0(2013). Voit tilata levyj\u00e4 s\u00e4hk\u00f6postitse osoitteesta: tfk (at) tfk.fi L\u00e4het\u00e4mme maksuohjeet s\u00e4hk\u00f6postitse saatuamme tilausviestin. <a href=\"https:\/\/tfk.fi\/wp1\/kuoron-levytykset\/\" class=\"more-link\">...jatka lukemista<span class=\"screen-reader-text\"> \"Kuoron levytykset\"<\/span><\/a><\/p>\n","protected":false},"author":6,"featured_media":0,"parent":0,"menu_order":0,"comment_status":"closed","ping_status":"closed","template":"","meta":{"footnotes":""},"class_list":["post-338","page","type-page","status-publish","h-entry","hentry","h-as-page"],"yoast_head":"<!-- This site is optimized with the Yoast SEO plugin v23.4 - https:\/\/yoast.com\/wordpress\/plugins\/seo\/ -->\n<title>Kuoron levytykset - TAMPEREEN FILHARMONINEN KUORO<\/title>\n<meta name=\"robots\" content=\"index, follow, max-snippet:-1, max-image-preview:large, max-video-preview:-1\" \/>\n<link rel=\"canonical\" href=\"https:\/\/tfk.fi\/wp1\/kuoron-levytykset\/\" \/>\n<meta property=\"og:locale\" content=\"fi_FI\" \/>\n<meta property=\"og:type\" content=\"article\" \/>\n<meta property=\"og:title\" content=\"Kuoron levytykset - TAMPEREEN FILHARMONINEN KUORO\" \/>\n<meta property=\"og:description\" content=\"Tampereen Filharmoninen Kuoro levytt\u00e4nyt useita kertoja. Kuoro\u00a0on mukana kolmella\u00a0Tampereen kaupunginorkesterin levyll\u00e4.\u00a0Sibeliuksen Sanomalehdist\u00f6n p\u00e4ivien musiikin ensilevytys\u00a0on palkittu kolmella levypalkinnolla.\u00a0Einar Englundin 6. sinfonia\u00a0sai vuoden 2001 Janne-palkinnon. Kuoron ensimm\u00e4inen a cappella -levy Suomalaisia kuoroklassikoita ilmestyi kev\u00e4\u00e4ll\u00e4 2002. Tampere Filharmonian kanssa on levytetty my\u00f6s\u00a0romanialaisen\u00a0George\u00a0Enescun 3. sinfonia\u00a0(2013). Voit tilata levyj\u00e4 s\u00e4hk\u00f6postitse osoitteesta: tfk (at) tfk.fi L\u00e4het\u00e4mme maksuohjeet s\u00e4hk\u00f6postitse saatuamme tilausviestin. ...jatka lukemista &quot;Kuoron levytykset&quot;\" \/>\n<meta property=\"og:url\" content=\"https:\/\/tfk.fi\/wp1\/kuoron-levytykset\/\" \/>\n<meta property=\"og:site_name\" content=\"TAMPEREEN FILHARMONINEN KUORO\" \/>\n<meta property=\"article:publisher\" content=\"https:\/\/fi-fi.facebook.com\/TampereenFilharmoninenKuoro\/\" \/>\n<meta property=\"og:image\" content=\"http:\/\/tfk.fi\/wp1\/wp-content\/uploads\/2018\/11\/Suomalaisia_kuoroklassikoita-296x300.jpg\" \/>\n<meta name=\"twitter:card\" content=\"summary_large_image\" \/>\n<meta name=\"twitter:site\" content=\"@tfk_tampere\" \/>\n<meta name=\"twitter:label1\" content=\"Arvioitu lukuaika\" \/>\n\t<meta name=\"twitter:data1\" content=\"1 minuutti\" \/>\n<script type=\"application\/ld+json\" class=\"yoast-schema-graph\">{\"@context\":\"https:\/\/schema.org\",\"@graph\":[{\"@type\":\"WebPage\",\"@id\":\"https:\/\/tfk.fi\/wp1\/kuoron-levytykset\/\",\"url\":\"https:\/\/tfk.fi\/wp1\/kuoron-levytykset\/\",\"name\":\"Kuoron levytykset - TAMPEREEN FILHARMONINEN KUORO\",\"isPartOf\":{\"@id\":\"https:\/\/tfk.fi\/wp1\/#website\"},\"primaryImageOfPage\":{\"@id\":\"https:\/\/tfk.fi\/wp1\/kuoron-levytykset\/#primaryimage\"},\"image\":{\"@id\":\"https:\/\/tfk.fi\/wp1\/kuoron-levytykset\/#primaryimage\"},\"thumbnailUrl\":\"http:\/\/tfk.fi\/wp1\/wp-content\/uploads\/2018\/11\/Suomalaisia_kuoroklassikoita-296x300.jpg\",\"datePublished\":\"2018-11-25T20:12:47+00:00\",\"dateModified\":\"2018-11-25T20:12:47+00:00\",\"breadcrumb\":{\"@id\":\"https:\/\/tfk.fi\/wp1\/kuoron-levytykset\/#breadcrumb\"},\"inLanguage\":\"fi\",\"potentialAction\":[{\"@type\":\"ReadAction\",\"target\":[\"https:\/\/tfk.fi\/wp1\/kuoron-levytykset\/\"]}]},{\"@type\":\"ImageObject\",\"inLanguage\":\"fi\",\"@id\":\"https:\/\/tfk.fi\/wp1\/kuoron-levytykset\/#primaryimage\",\"url\":\"http:\/\/tfk.fi\/wp1\/wp-content\/uploads\/2018\/11\/Suomalaisia_kuoroklassikoita-296x300.jpg\",\"contentUrl\":\"http:\/\/tfk.fi\/wp1\/wp-content\/uploads\/2018\/11\/Suomalaisia_kuoroklassikoita-296x300.jpg\"},{\"@type\":\"BreadcrumbList\",\"@id\":\"https:\/\/tfk.fi\/wp1\/kuoron-levytykset\/#breadcrumb\",\"itemListElement\":[{\"@type\":\"ListItem\",\"position\":1,\"name\":\"Home\",\"item\":\"https:\/\/tfk.fi\/wp1\/\"},{\"@type\":\"ListItem\",\"position\":2,\"name\":\"Kuoron levytykset\"}]},{\"@type\":\"WebSite\",\"@id\":\"https:\/\/tfk.fi\/wp1\/#website\",\"url\":\"https:\/\/tfk.fi\/wp1\/\",\"name\":\"TAMPEREEN FILHARMONINEN KUORO\",\"description\":\"Tampere Philharmonic Choir\",\"publisher\":{\"@id\":\"https:\/\/tfk.fi\/wp1\/#organization\"},\"potentialAction\":[{\"@type\":\"SearchAction\",\"target\":{\"@type\":\"EntryPoint\",\"urlTemplate\":\"https:\/\/tfk.fi\/wp1\/?s={search_term_string}\"},\"query-input\":{\"@type\":\"PropertyValueSpecification\",\"valueRequired\":true,\"valueName\":\"search_term_string\"}}],\"inLanguage\":\"fi\"},{\"@type\":\"Organization\",\"@id\":\"https:\/\/tfk.fi\/wp1\/#organization\",\"name\":\"Tampereen Filharmoninen Kuoro\",\"url\":\"https:\/\/tfk.fi\/wp1\/\",\"logo\":{\"@type\":\"ImageObject\",\"inLanguage\":\"fi\",\"@id\":\"https:\/\/tfk.fi\/wp1\/#\/schema\/logo\/image\/\",\"url\":\"https:\/\/tfk.fi\/wp1\/wp-content\/uploads\/2018\/08\/TFK-logo_100x50.jpg\",\"contentUrl\":\"https:\/\/tfk.fi\/wp1\/wp-content\/uploads\/2018\/08\/TFK-logo_100x50.jpg\",\"width\":100,\"height\":53,\"caption\":\"Tampereen Filharmoninen Kuoro\"},\"image\":{\"@id\":\"https:\/\/tfk.fi\/wp1\/#\/schema\/logo\/image\/\"},\"sameAs\":[\"https:\/\/fi-fi.facebook.com\/TampereenFilharmoninenKuoro\/\",\"https:\/\/x.com\/tfk_tampere\",\"https:\/\/www.instagram.com\/tampereenfilharmoninenkuoro\/?hl=fi\",\"https:\/\/www.youtube.com\/channel\/UCHNsgug_VXv_-TiyOBP5_cg\/featured\",\"https:\/\/fi.wikipedia.org\/wiki\/Tampereen_Filharmoninen_Kuoro\"]}]}<\/script>\n<!-- \/ Yoast SEO plugin. -->","yoast_head_json":{"title":"Kuoron levytykset - TAMPEREEN FILHARMONINEN KUORO","robots":{"index":"index","follow":"follow","max-snippet":"max-snippet:-1","max-image-preview":"max-image-preview:large","max-video-preview":"max-video-preview:-1"},"canonical":"https:\/\/tfk.fi\/wp1\/kuoron-levytykset\/","og_locale":"fi_FI","og_type":"article","og_title":"Kuoron levytykset - TAMPEREEN FILHARMONINEN KUORO","og_description":"Tampereen Filharmoninen Kuoro levytt\u00e4nyt useita kertoja. Kuoro\u00a0on mukana kolmella\u00a0Tampereen kaupunginorkesterin levyll\u00e4.\u00a0Sibeliuksen Sanomalehdist\u00f6n p\u00e4ivien musiikin ensilevytys\u00a0on palkittu kolmella levypalkinnolla.\u00a0Einar Englundin 6. sinfonia\u00a0sai vuoden 2001 Janne-palkinnon. Kuoron ensimm\u00e4inen a cappella -levy Suomalaisia kuoroklassikoita ilmestyi kev\u00e4\u00e4ll\u00e4 2002. Tampere Filharmonian kanssa on levytetty my\u00f6s\u00a0romanialaisen\u00a0George\u00a0Enescun 3. sinfonia\u00a0(2013). Voit tilata levyj\u00e4 s\u00e4hk\u00f6postitse osoitteesta: tfk (at) tfk.fi L\u00e4het\u00e4mme maksuohjeet s\u00e4hk\u00f6postitse saatuamme tilausviestin. ...jatka lukemista \"Kuoron levytykset\"","og_url":"https:\/\/tfk.fi\/wp1\/kuoron-levytykset\/","og_site_name":"TAMPEREEN FILHARMONINEN KUORO","article_publisher":"https:\/\/fi-fi.facebook.com\/TampereenFilharmoninenKuoro\/","og_image":[{"url":"http:\/\/tfk.fi\/wp1\/wp-content\/uploads\/2018\/11\/Suomalaisia_kuoroklassikoita-296x300.jpg"}],"twitter_card":"summary_large_image","twitter_site":"@tfk_tampere","twitter_misc":{"Arvioitu lukuaika":"1 minuutti"},"schema":{"@context":"https:\/\/schema.org","@graph":[{"@type":"WebPage","@id":"https:\/\/tfk.fi\/wp1\/kuoron-levytykset\/","url":"https:\/\/tfk.fi\/wp1\/kuoron-levytykset\/","name":"Kuoron levytykset - TAMPEREEN FILHARMONINEN KUORO","isPartOf":{"@id":"https:\/\/tfk.fi\/wp1\/#website"},"primaryImageOfPage":{"@id":"https:\/\/tfk.fi\/wp1\/kuoron-levytykset\/#primaryimage"},"image":{"@id":"https:\/\/tfk.fi\/wp1\/kuoron-levytykset\/#primaryimage"},"thumbnailUrl":"http:\/\/tfk.fi\/wp1\/wp-content\/uploads\/2018\/11\/Suomalaisia_kuoroklassikoita-296x300.jpg","datePublished":"2018-11-25T20:12:47+00:00","dateModified":"2018-11-25T20:12:47+00:00","breadcrumb":{"@id":"https:\/\/tfk.fi\/wp1\/kuoron-levytykset\/#breadcrumb"},"inLanguage":"fi","potentialAction":[{"@type":"ReadAction","target":["https:\/\/tfk.fi\/wp1\/kuoron-levytykset\/"]}]},{"@type":"ImageObject","inLanguage":"fi","@id":"https:\/\/tfk.fi\/wp1\/kuoron-levytykset\/#primaryimage","url":"http:\/\/tfk.fi\/wp1\/wp-content\/uploads\/2018\/11\/Suomalaisia_kuoroklassikoita-296x300.jpg","contentUrl":"http:\/\/tfk.fi\/wp1\/wp-content\/uploads\/2018\/11\/Suomalaisia_kuoroklassikoita-296x300.jpg"},{"@type":"BreadcrumbList","@id":"https:\/\/tfk.fi\/wp1\/kuoron-levytykset\/#breadcrumb","itemListElement":[{"@type":"ListItem","position":1,"name":"Home","item":"https:\/\/tfk.fi\/wp1\/"},{"@type":"ListItem","position":2,"name":"Kuoron levytykset"}]},{"@type":"WebSite","@id":"https:\/\/tfk.fi\/wp1\/#website","url":"https:\/\/tfk.fi\/wp1\/","name":"TAMPEREEN FILHARMONINEN KUORO","description":"Tampere Philharmonic Choir","publisher":{"@id":"https:\/\/tfk.fi\/wp1\/#organization"},"potentialAction":[{"@type":"SearchAction","target":{"@type":"EntryPoint","urlTemplate":"https:\/\/tfk.fi\/wp1\/?s={search_term_string}"},"query-input":{"@type":"PropertyValueSpecification","valueRequired":true,"valueName":"search_term_string"}}],"inLanguage":"fi"},{"@type":"Organization","@id":"https:\/\/tfk.fi\/wp1\/#organization","name":"Tampereen Filharmoninen Kuoro","url":"https:\/\/tfk.fi\/wp1\/","logo":{"@type":"ImageObject","inLanguage":"fi","@id":"https:\/\/tfk.fi\/wp1\/#\/schema\/logo\/image\/","url":"https:\/\/tfk.fi\/wp1\/wp-content\/uploads\/2018\/08\/TFK-logo_100x50.jpg","contentUrl":"https:\/\/tfk.fi\/wp1\/wp-content\/uploads\/2018\/08\/TFK-logo_100x50.jpg","width":100,"height":53,"caption":"Tampereen Filharmoninen Kuoro"},"image":{"@id":"https:\/\/tfk.fi\/wp1\/#\/schema\/logo\/image\/"},"sameAs":["https:\/\/fi-fi.facebook.com\/TampereenFilharmoninenKuoro\/","https:\/\/x.com\/tfk_tampere","https:\/\/www.instagram.com\/tampereenfilharmoninenkuoro\/?hl=fi","https:\/\/www.youtube.com\/channel\/UCHNsgug_VXv_-TiyOBP5_cg\/featured","https:\/\/fi.wikipedia.org\/wiki\/Tampereen_Filharmoninen_Kuoro"]}]}},"_links":{"self":[{"href":"https:\/\/tfk.fi\/wp1\/wp-json\/wp\/v2\/pages\/338","targetHints":{"allow":["GET"]}}],"collection":[{"href":"https:\/\/tfk.fi\/wp1\/wp-json\/wp\/v2\/pages"}],"about":[{"href":"https:\/\/tfk.fi\/wp1\/wp-json\/wp\/v2\/types\/page"}],"author":[{"embeddable":true,"href":"https:\/\/tfk.fi\/wp1\/wp-json\/wp\/v2\/users\/6"}],"replies":[{"embeddable":true,"href":"https:\/\/tfk.fi\/wp1\/wp-json\/wp\/v2\/comments?post=338"}],"version-history":[{"count":2,"href":"https:\/\/tfk.fi\/wp1\/wp-json\/wp\/v2\/pages\/338\/revisions"}],"predecessor-version":[{"id":343,"href":"https:\/\/tfk.fi\/wp1\/wp-json\/wp\/v2\/pages\/338\/revisions\/343"}],"wp:attachment":[{"href":"https:\/\/tfk.fi\/wp1\/wp-json\/wp\/v2\/media?parent=338"}],"curies":[{"name":"wp","href":"https:\/\/api.w.org\/{rel}","templated":true}]}}